. Let r = j - -876. List the prime factors of r.
3, 7, 17
Suppose 4 = 32*g - 30*g. Let p(z) = -g - 5 + 22 + z. What are the prime factors of p(0)?
3, 5
Let f = -25 - -40. Suppose 38*j = f*j + 42872. What are the prime factors of j?
2, 233
Let n(j) be the second derivative of j**4/12 - j**3/3 + 6*j**2 - 2*j. Let i = -300 - -296. List the prime factors of n(i).
2, 3
Let x be 15/2 - 3/6. Let n be (864/40)/((-2)/(-10)). Suppose c - x*c = -n. What are the prime factors of c?
2, 3
Let o(c) = 38*c - 24. Let j(n) = -n. Let h(w) = -3*j(w) + o(w). Let b be h(-7). Let q = b - -453. What are the prime factors of q?
2, 71
List the prime factors of (-1107894)/(-50) + (-246)/(-2050).
2, 3, 1231
Let u = 1513 + 5208. What are the prime factors of u?
11, 13, 47
Suppose 0 = -13*a - 7*a. Suppose -2*i + 48 = -4*l, a*l + 3*l - 2*i + 34 = 0. List the prime factors of (-297)/(-77) - 2/l.
2
Suppose 79 = x + 13. Suppose 0 = g - 183 + 2. Let w = g - x. What are the prime factors of w?
5, 23
Let d be 0/2*(-5)/((-5)/1). Suppose d = 2*k + 2*z - 2148, -3*k + 3357 = 4*z + 132. List the prime factors of k.
3, 7, 17
Let b(x) = -x**3 + 3*x**2 + 2*x - 12. Let n be b(-2). Suppose 0 = -2*o + 5 - 1. Suppose s - 21 = 3*z, -o*z + 103 = n*s + 33. What are the prime factors of s?
2, 3
Let u(f) = -f**2 - 6*f + 13. Let o be u(-10). What are the prime factors of ((-6)/o*9)/(4/918)?
3, 17
Let u(g) be the third derivative of -g**5/60 + 25*g**4/24 - 2*g**3/3 + 2*g**2 - 13*g. What are the prime factors of u(6)?
2, 5, 11
Suppose 1711*n - 455424 = 1679*n. List the prime factors of n.
2, 3, 593
Let p(c) = -2*c**2 + 36*c + 83. Let w be p(20). Suppose w*a = 12*a - 2115. List the prime factors of a.
5, 47
Suppose 4*g + 12*g = 27264. Suppose g = 6*t - 1188. What are the prime factors of t?
2, 241
Let h = 22778 - 105. What are the prime factors of h?
7, 41, 79
What are the prime factors of (18/(-9) - -12475) + -17?
2, 3, 173
Let a be ((-5)/(30/4))/((-2)/75). Let o = a - 29. List the prime factors of 59 - ((-12)/o + 0/1).
2, 7
Suppose 9*q + 93 = -384. Let w be ((-1)/2)/(-1)*220. Let f = q + w. What are the prime factors of f?
3, 19
Let t(c) = -167*c + 848. What are the prime factors of t(-50)?
2, 3, 7, 73
Suppose -9*r + 5*r = -3*f - 59, 2*r + f = 17. Let w(v) = 23*v**2 - 22*v**2 + 7 - r*v - 6*v. What are the prime factors of w(21)?
7, 13
Let t = 46816 + -30578. List the prime factors of t.
2, 23, 353
Let f(a) = 5*a - 30. Let w be f(12). Let b(g) = -2*g**3 + 62*g**2 - 25*g + 68. What are the prime factors of b(w)?
2, 13, 43
Let u(n) = -14*n**2 - n + 10. Let h(s) = -s**3 + 5*s**2 - 6*s + 5. Let m be h(4). Let q be u(m). Let b = q + 237. What are the prime factors of b?
2, 31
Suppose c + 235 = 6*c. Let o = c + -60. What are the prime factors of o/(-4)*1*(-12)/(-3)?
13
Let p(b) be the third derivative of -b**6/120 - b**5/60 + 19*b**4/12 + 2*b**3/3 - 28*b**2 - b. What are the prime factors of p(-11)?
2, 199
Let p(i) be the second derivative of 0 - i - 1/12*i**4 + 1/20*i**5 - 11/6*i**3 + 2*i**2. List the prime factors of p(5).
7
What are the prime factors of (63645/9)/(-10 + 51/18 + 8)?
2, 4243
Suppose -3*h - 5*i = -73173, -4*h + i = -36044 - 61497. List the prime factors of h.
2, 89, 137
Let u = 35902 + -18144. List the prime factors of u.
2, 13, 683
Let y = -533 + 2436. What are the prime factors of y?
11, 173
Let r(n) = n**3 + 16*n**2 - 16*n + 17. Let x = 29 + -46. Let z be r(x). Suppose z*c + 104 = 2*c. List the prime factors of c.
2, 13
Let g = -132 + 161. Suppose g = -2*j + 35. List the prime factors of 582/j - (-2 + 6).
2, 5, 19
Suppose 10*b - 35376 - 13920 = -3*b. What are the prime factors of b?
2, 3, 79
Suppose 0 = -g + 145 + 4. Let j = 77 + g. What are the prime factors of j?
2, 113
Suppose 27261 = u + 3*m, 4*u - 7*m + 2*m - 109044 = 0. List the prime factors of u.
3, 13, 233
Suppose 0 = 4*k - 4*q - 33592, 10*q - 11*q = 3*k - 25202. List the prime factors of k.
2, 3, 5, 7
Let x(c) = -5*c**3 - 18*c**2 - 39*c + 45. List the prime factors of x(-10).
5, 727
Suppose 3*y + 1832 = 5*y - 4*g, -920 = -y + 3*g. Suppose -u - y = -2*z, -z + 2*u = -113 - 344. What are the prime factors of z?
3, 151
Let c = -1753 - -3413. List the prime factors of c.
2, 5, 83
Let b(i) = 76*i**2 - 2*i + 3288. List the prime factors of b(0).
2, 3, 137
Suppose -164*k + 125048 = -97*k - 220203. What are the prime factors of k?
5153
Let y(z) = 2 - 10*z - z**3 + 7*z**2 + 10*z**3 - 10*z**3. Let a be y(4). Suppose 0 = a*r - 9*r - 147. What are the prime factors of r?
3, 7
Suppose 3*h - 3*p - 30446 = -4727, 5*h + 2*p = 42830. What are the prime factors of h?
2, 3, 7, 17
Suppose -5*o + 4*g + 24730 = 2*g, -3*o = 5*g - 14869. Suppose 2*b - o = -2*b - 2*x, 1237 = b + 4*x. What are the prime factors of b?
1237
Let x = 26 - 22. Let k(o) = -25*o**3 + 4*o**2 - o - 7. Let t be k(x). What are the prime factors of (-4)/((-7)/(-3)*26/t)?
2, 3, 17
Suppose -3*h - 4*h = -126. Suppose 8*v - 16250 = -h*v. List the prime factors of v.
5
Let q(p) = -p**3 + 2*p**2 + 4*p - 1. Suppose -2*n + 11 = 2*n + l, 5*l = n - 8. Let j be q(n). List the prime factors of (-73)/j*(3 - 4 - 1).
73
Suppose 4*u = -2*i + 10, 2*i - 4*i = 6. Suppose -3*b = -u*r + 409 + 791, -2*b = -8. What are the prime factors of r?
3, 101
Suppose 3*d = -3*a - 6, -5*a + 4*d + 19 = -7. Suppose -a*m - 6 = 0, 6*g - 2*g - 43 = -3*m. Suppose -g*y - 250 = -15*y. List the prime factors of y.
5
Let j(c) = 201*c**2 + 12*c - 26. List the prime factors of j(11).
13, 1879
Suppose -4*m - 20 = -6*m. Let w(j) = -j**3 + 11*j**2 + 2*j - 6. List the prime factors of w(m).
2, 3, 19
Suppose 5*z - 6*z = 3*n - 4806, -3*z + 4*n + 14444 = 0. List the prime factors of z.
2, 3, 401
Let t(b) = -5*b**2 - b + 16. Let a(r) = r**2 + 25*r + 28. Let i be a(-23). Let k be t(i). What are the prime factors of k/(-8) + 6/(-24)?
2, 3, 11
Suppose 17*v = 11*v + 1218. Let g = 759 - v. Suppose g + 154 = 5*w. What are the prime factors of w?
2, 71
Let w(b) = 2*b**2 - b - 1. Let h be w(-1). Suppose 0 = 2*s - 4*p - 509 - 379, -s - h*p = -436. List the prime factors of s.
2, 5, 11
Let s = -24 + 28. Suppose -252 = -2*i + s*x + 266, -2*x = -2*i + 520. List the prime factors of i.
3, 29
Let o = 52 + -49. Suppose y + u = 89, 2*u - 1 = -o. Suppose a = f + y, -456 = -5*a - 4*f - 51. What are the prime factors of a?
5, 17
Let b(z) = -z**3 - 11*z**2 + 12*z + 11. Let o be b(-12). Suppose o*g + 33 = 12*g. Suppose l = -2*l + g. What are the prime factors of l?
11
Let l = -5032 + 18790. What are the prime factors of l?
2, 3, 2293
Suppose 2*l = 4*n + n - 20, 3*n - 4*l + 2 = 0. Suppose -248 = -2*y - n*y. Suppose y = 2*m - 15. What are the prime factors of m?
23
Let m be 2/(-3) - (-80)/30. Let v be m/7 + 1*10/(-35). Suppose v = -20*j + 14*j + 168. What are the prime factors of j?
2, 7
List the prime factors of ((-23)/115)/((-3)/(-30890))*-3.
2, 3089
Let w be -3*-21*(-3076)/(-18). Suppose 6*h = -3722 + w. What are the prime factors of h?
2, 587
Let r(d) = 2*d + 21. Let u be r(-9). Let k be u/(-2 - -3) + -1. Suppose -v + 4*y = -66, -2*v + 10 = k*y - 102. List the prime factors of v.
2, 29
Let d(g) be the first derivative of -33*g**4/4 + 2*g**2 + 3*g + 10. List the prime factors of d(-2).
7, 37
Suppose 4843566 = 105*q - 14*q. What are the prime factors of q?
2, 3, 2957
Suppose 10*c = 19*c + 63. Let m(x) = -3*x**3 + 6*x**2 + 3*x + 6. List the prime factors of m(c).
2, 3, 109
Let v be 11979/(-24) - 3/(-24). Suppose 2*r - 11 - 14 = 5*g, 0 = 5*g + 4*r - 5. List the prime factors of v/(-4) - (g + (-44)/(-16)).
5
Let p(c) = -16*c + 1936. List the prime factors of p(14).
2, 107
Suppose 15*n + 69*n - 32*n - 822952 = 0. What are the prime factors of n?
2, 41, 193
Suppose 2307 = -435*d + 456*d - 67455. What are the prime factors of d?
2, 11, 151
Let a = 2499 - 1121. Let n = a - 661. What are the prime factors of n?
3, 239
Let a be 3/2*(-232)/6. Let q = a + 379. What are the prime factors of q?
3, 107
List the prime factors of 75*((-406)/42 + (11 - 3) - -861).
2, 5, 1289
Let p(g) = -3*g**3 - 5*g**2 - 10*g + 5. Let q(t) = 3*t**2 + 9*t - 3. Let u be q(-3). List the prime factors of p(u).
71
Let d(z) = -5*z + 67. Let j(c) = 2*c**2 - 4*c - 3. Let t be j(-2). Let l be d(t). Suppose l*n = -9*n + 2013. What are the prime factors of n?
3, 61
List the prime factors of (1